{"id":2,"date":"2025-05-12T21:49:37","date_gmt":"2025-05-12T21:49:37","guid":{"rendered":"https:\/\/markusfertig.chochdrei.com\/?page_id=2"},"modified":"2025-05-17T11:05:40","modified_gmt":"2025-05-17T11:05:40","slug":"sample-page","status":"publish","type":"page","link":"https:\/\/markusfertig.chochdrei.com\/","title":{"rendered":"Bewerbung von Markus Fertig  auf die Reserveliste f\u00fcr den Kreistag"},"content":{"rendered":"<p><strong><img decoding=\"async\" loading=\"lazy\" class=\"size-medium wp-image-20 aligncenter\" src=\"https:\/\/markusfertig.chochdrei.com\/wp-content\/uploads\/2025\/05\/markusfertig-205x300.png\" alt=\"\" width=\"205\" height=\"300\" srcset=\"https:\/\/markusfertig.chochdrei.com\/wp-content\/uploads\/2025\/05\/markusfertig-205x300.png 205w, https:\/\/markusfertig.chochdrei.com\/wp-content\/uploads\/2025\/05\/markusfertig.png 461w\" sizes=\"(max-width: 205px) 100vw, 205px\" \/><\/strong><\/p>\n<p>&nbsp;<\/p>\n<p><strong>\u201eIch habe Fertig,\u2026.\u201c<\/strong><\/p>\n<p>Liebe Freundinnen und Freunde, liebe Gr\u00fcne,<\/p>\n<p>\u201eIch habe Fertig,\u2026.\u201c<\/p>\n<p align=\"JUSTIFY\"><span style=\"font-size: medium;\"><b>Einige von Euch kennen dieses legend\u00e4re Zitat von <\/b><\/span><span style=\"font-size: medium;\"><b>Trainer Giovanni Trapattoni. Auch nach so vielen Jahren begleitet mich dieses Zitat nicht nur weil es meinen Familienname f\u00fcr kurze Zeit in die Schlagzeilen brachte, sondern haupts\u00e4chlich mit seinem Aufruf, nicht alles lediglich wieder und wieder durchzudiskutieren, sondern selbst zu agieren, gute <\/b><\/span><span style=\"color: #00b050;\"><span style=\"font-size: medium;\"><b>gr\u00fcne Entscheidungen <\/b><\/span><\/span><span style=\"font-size: medium;\"><b>zu treffen und sich am Handeln messen zu lassen.<\/b><\/span><\/p>\n<p align=\"JUSTIFY\"><span style=\"font-size: medium;\"><b>Ich durfte nun schon ein paar Jahre<\/b><\/span><span style=\"color: #00b050;\"><span style=\"font-size: medium;\"><b> gr\u00fcne Politik <\/b><\/span><\/span><span style=\"font-size: medium;\"><b>in Aussch\u00fcssen mitzugestalten. Die politische Arbeit habe ich stets als kollegial und demokratisch sch\u00e4tzen gelernt. F\u00fcr diese M\u00f6glichkeit bedanke ich mich ausdr\u00fccklich bei <\/b><\/span><span style=\"color: #00b050;\"><span style=\"font-size: medium;\"><b>den Mitgliedern der Partei. <\/b><\/span><\/span><span style=\"font-size: medium;\"><b>Ohne ein Votum und die Unterst\u00fctzung der Mitglieder w\u00e4re eine Fraktionsarbeit nicht m\u00f6glich!<\/b><\/span><\/p>\n<p align=\"JUSTIFY\"><span style=\"color: #0d0d0d;\"><span style=\"font-size: medium;\"><b>Die Erfolge im Kreis haben sicher bereits schon andere erw\u00e4hnt.-), daher erspare ich uns hier eine Wiederholung<\/b><\/span><\/span><\/p>\n<p align=\"JUSTIFY\"><span style=\"font-size: medium;\"><b>Ich arbeite dem Vorurteil: Wir Gr\u00fcnen seien eine \u201eVerbots-\u201c und \u201eElitepartei\u201c schon immer entgegen und suche aktiv das Gespr\u00e4ch auch au\u00dferhalb der Gr\u00fcnen Blase zu vielen Vereinen, Verb\u00e4nden und der Verwaltung. Da es viel zu tun gibt, w\u00fcrde ich gerne die Arbeit auf Kreisebene aktiv unterst\u00fctzen.<\/b><\/span><\/p>\n<p align=\"JUSTIFY\"><span style=\"font-size: medium;\"><b>Motivation:<\/b><\/span><\/p>\n<ul>\n<li>\n<p align=\"JUSTIFY\"><span style=\"font-size: medium;\"><b>Nicht einfach nur weiter so. Sp\u00e4tentens die j\u00fcngsten Wahlergebnisse zeigen uns allen ganz klar: \u201eWir ben\u00f6tigen <\/b><\/span><span style=\"color: #00b050;\"><span style=\"font-size: medium;\"><b>dringend <\/b><\/span><\/span><span style=\"color: #00b050;\"><span style=\"font-size: medium;\"><u><b>Ver\u00e4nderung<\/b><\/u><\/span><\/span><span style=\"font-size: medium;\"><b>\u201c!<\/b><\/span><\/p>\n<\/li>\n<li>\n<p align=\"JUSTIFY\"><span style=\"font-size: medium;\"><u><b>Nicht passiv<\/b><\/u><\/span><span style=\"font-size: medium;\"><b> zusehen zu m\u00fcssen wie die \u201eBraunen\u201c politisch in den Kreistag Einzug halten. <\/b><\/span><\/p>\n<\/li>\n<li>\n<p align=\"JUSTIFY\"><span style=\"font-size: medium;\"><b>Die Gr\u00fcnen im Kreis st\u00e4rken <\/b><\/span><\/p>\n<\/li>\n<\/ul>\n<p align=\"JUSTIFY\"><span style=\"font-size: medium;\"><b>Daher bewerbe ich mich auf einen aussichtsreichen Listenplatz* auf der Reserveliste.<\/b><\/span><\/p>\n<p align=\"JUSTIFY\"><span style=\"font-size: medium;\"><b>Facts:<\/b><\/span><\/p>\n<ul>\n<li>\n<p align=\"JUSTIFY\"><span style=\"font-size: medium;\"><b>Diplom Betriebswirt<\/b><\/span><\/p>\n<\/li>\n<li>\n<p align=\"JUSTIFY\"><span style=\"font-size: medium;\"><b>Baujahr 73<\/b><\/span><\/p>\n<\/li>\n<li>\n<p align=\"JUSTIFY\"><span style=\"font-size: medium;\"><b>Seit 2000 in leitender Funktion einer Berufsfeuerwehr im aktiven Einsatzdienst und auch hierdurch sehr viel Erfahrungen in der Verwaltung, Kommunalpolitik und Entscheidungskultur<\/b><\/span><\/p>\n<\/li>\n<li>\n<p align=\"JUSTIFY\"><span style=\"font-size: medium;\"><b>Sachkundiger B\u00fcrger<\/b><\/span><\/p>\n<\/li>\n<li>\n<p align=\"JUSTIFY\"><span style=\"font-size: medium;\"><b>Mitarbeit in Arbeitsgruppen zum Wahlprogramm<\/b><\/span><\/p>\n<\/li>\n<li>\n<p align=\"JUSTIFY\"><span style=\"font-size: medium;\"><b>Verheiratet und 2 Teenager<\/b><\/span><\/p>\n<\/li>\n<li>\n<p align=\"JUSTIFY\">\u2026<\/p>\n<\/li>\n<\/ul>\n<p><span style=\"font-size: medium;\"><b>Funfacts: <\/b><\/span><\/p>\n<p><span style=\"font-size: medium;\"><b>Vor einigen Tagen, in der Fu\u00dfg\u00e4ngerzone haben, wir <\/b><\/span><span style=\"color: #00b050;\"><span style=\"font-size: medium;\"><b>Gr\u00fcnen <\/b><\/span><\/span><span style=\"font-size: medium;\"><b>samstags morgens unter anderem auch Bienen-Blumensamen verteilt. Einige lehnten bei mir das Blumen Geschenk ab mit den Worten: \u201eVon den GR\u00dcNEN nehmen wir nichts!\u201c<\/b><\/span><\/p>\n<p align=\"JUSTIFY\"><span style=\"font-size: medium;\"><b>Meine Antwort war steht h\u00f6flich aber bestimmt: \u201eDen Bienen ist das egal!\u201c<\/b><\/span><\/p>\n<p align=\"JUSTIFY\"><span style=\"font-size: medium;\"><b>Alle \u00fcberdachten ihre ablehnende Haltung und nahmen den Blumensamen an und bedankten sich mit den Worten \u201eDa haben Sie sicher recht\u201c.<\/b><\/span><\/p>\n<p align=\"JUSTIFY\"><span style=\"font-size: medium;\"><b>Eine kleine Ver\u00e4nderung kann heute mit Deiner Stimme beginnen. <\/b><\/span><\/p>\n<p align=\"JUSTIFY\"><span style=\"color: #00b050;\"><span style=\"font-size: medium;\"><b>Ich bedanke <\/b><\/span><\/span><span style=\"font-size: medium;\"><b>mich sehr f\u00fcr jede einzelne Stimme.<\/b><\/span><\/p>\n<p align=\"JUSTIFY\"><span style=\"font-size: medium;\"><b>Euer Markus Fertig<\/b><\/span><\/p>\n<h6>* und jeden folgenden geraden und freiwerdenden Listenplatz<\/h6>\n","protected":false},"excerpt":{"rendered":"<p>&nbsp; \u201eIch habe Fertig,\u2026.\u201c Liebe Freundinnen und Freunde, liebe Gr\u00fcne, \u201eIch habe Fertig,\u2026.\u201c Einige von Euch kennen dieses legend\u00e4re Zitat von Trainer Giovanni Trapattoni. Auch nach so vielen Jahren begleitet mich dieses Zitat nicht nur weil es meinen Familienname f\u00fcr kurze Zeit in die Schlagzeilen brachte, sondern haupts\u00e4chlich mit seinem Aufruf, nicht alles lediglich wieder&hellip; <a class=\"more-link\" href=\"https:\/\/markusfertig.chochdrei.com\/\"><span class=\"screen-reader-text\">Bewerbung von Markus Fertig  auf die Reserveliste f\u00fcr den Kreistag<\/span> weiterlesen<\/a><\/p>\n","protected":false},"author":1,"featured_media":0,"parent":0,"menu_order":0,"comment_status":"closed","ping_status":"open","template":"","meta":[],"_links":{"self":[{"href":"https:\/\/markusfertig.chochdrei.com\/index.php?rest_route=\/wp\/v2\/pages\/2"}],"collection":[{"href":"https:\/\/markusfertig.chochdrei.com\/index.php?rest_route=\/wp\/v2\/pages"}],"about":[{"href":"https:\/\/markusfertig.chochdrei.com\/index.php?rest_route=\/wp\/v2\/types\/page"}],"author":[{"embeddable":true,"href":"https:\/\/markusfertig.chochdrei.com\/index.php?rest_route=\/wp\/v2\/users\/1"}],"replies":[{"embeddable":true,"href":"https:\/\/markusfertig.chochdrei.com\/index.php?rest_route=%2Fwp%2Fv2%2Fcomments&post=2"}],"version-history":[{"count":11,"href":"https:\/\/markusfertig.chochdrei.com\/index.php?rest_route=\/wp\/v2\/pages\/2\/revisions"}],"predecessor-version":[{"id":25,"href":"https:\/\/markusfertig.chochdrei.com\/index.php?rest_route=\/wp\/v2\/pages\/2\/revisions\/25"}],"wp:attachment":[{"href":"https:\/\/markusfertig.chochdrei.com\/index.php?rest_route=%2Fwp%2Fv2%2Fmedia&parent=2"}],"curies":[{"name":"wp","href":"https:\/\/api.w.org\/{rel}","templated":true}]}}